 is the highest common factor of 4865835 and 2301?
39
What is the greatest common factor of 4779 and 66697317?
1593
Calculate the highest common divisor of 66844020 and 24.
12
What is the highest common divisor of 84865 and 2134?
11
Calculate the highest common factor of 215985 and 32115.
15
Calculate the greatest common factor of 306764 and 12773.
53
Calculate the highest common divisor of 147 and 1360796787.
147
What is the greatest common factor of 39271403 and 59?
59
Calculate the highest common factor of 1063008 and 13536.
288
Calculate the greatest common divisor of 200921 and 1295.
7
Calculate the highest common divisor of 95 and 351566215.
95
Calculate the greatest common divisor of 10867219 and 198.
11
Calculate the greatest common factor of 944500 and 109250.
250
What is the greatest common divisor of 15 and 4029690?
15
Calculate the greatest common divisor of 17400552 and 52.
52
What is the greatest common divisor of 728288 and 7348?
44
What is the greatest common divisor of 19 and 165605634?
19
What is the highest common divisor of 10 and 34101110?
10
What is the highest common divisor of 155516848 and 4443?
1481
Calculate the highest common divisor of 382 and 5404727.
191
What is the highest common factor of 26220 and 26772?
276
Calculate the highest common factor of 65789633 and 26.
13
Calculate the greatest common divisor of 1980 and 6575085.
495
What is the greatest common factor of 15340080 and 8280?
2760
What is the greatest common divisor of 6804 and 1038269988?
6804
Calculate the highest common divisor of 190124 and 99.
11
What is the highest common factor of 8931720 and 61845?
3255
What is the highest common factor of 1118 and 586417?
13
What is the greatest common divisor of 520 and 40234090?
130
What is the highest common divisor of 5406 and 119314024?
1802
Calculate the greatest common divisor of 457784492 and 44.
44
What is the highest common factor of 158053458 and 257?
257
What is the highest common divisor of 1573 and 412511?
11
What is the highest common factor of 80 and 18247760?
80
Calculate the highest common factor of 4096370 and 8260.
590
What is the greatest common divisor of 7060 and 65046604?
1412
What is the highest common divisor of 2518376 and 136?
8
What is the greatest common factor of 150 and 984350?
50
Calculate the highest common factor of 47500425 and 246645.
8505
What is the greatest common factor of 69 and 2536923?
69
Calculate the greatest common divisor of 11009 and 17.
1
Calculate the highest common divisor of 14907306 and 1228.
614
Calculate the highest common factor of 266385 and 11269590.
885
What is the highest common factor of 6000 and 1154250?
750
What is the greatest common divisor of 630 and 274932560?
70
Calculate the greatest common factor of 55117060 and 3485.
85
Calculate the highest common factor of 61968 and 1888.
16
What is the greatest common divisor of 868 and 1647526?
62
What is the greatest common divisor of 1086838 and 63386?
1546
Calculate the greatest common factor of 93973 and 121.
11
What is the highest common divisor of 4459376 and 12?
4
What is the highest common divisor of 668493 and 8463?
21
Calculate the greatest common factor of 530032246 and 5191.
5191
Calculate the highest common factor of 16384241 and 548.
137
Calculate the highest common divisor of 2727767 and 48580.
2429
What is the highest common divisor of 159652 and 1484668?
956
Calculate the greatest common factor of 581864866 and 82.
82
Calculate the greatest common factor of 86374056 and 1758.
1758
Calculate the highest common factor of 1071 and 2046562.
119
What is the highest common factor of 883329 and 1539?
57
Calculate the greatest common factor of 2151328 and 22816.
736
What is the highest common divisor of 351610 and 530?
10
What is the greatest common factor of 35779953 and 4047?
213
Calculate the highest common divisor of 1371654 and 144.
18
Calculate the highest common factor of 209802261 and 41865.
8373
Calculate the highest common divisor of 4220261 and 247.
19
Calculate the highest common factor of 70541 and 1220666.
3067
What is the greatest common factor of 2837558 and 68679?
587
Calculate the highest common divisor of 9851108 and 12212.
284
What is the greatest common divisor of 57 and 3558719?
19
What is the highest common factor of 1812 and 29809212?
1812
Calculate the highest common factor of 1128 and 62921626.
94
Calculate the highest common factor of 51 and 7566343.
17
Calculate the greatest common divisor of 61 and 285112.
1
Calculate the greatest common divisor of 529993 and 41273.
149
Calculate the highest common divisor of 5723352 and 45.
9
Calculate the greatest common divisor of 12 and 2271522.
6
What is the highest common divisor of 619262 and 978593?
497
What is the highest common divisor of 54766676 and 8808?
1468
What is the greatest common divisor of 6 and 1718099?
1
Calculate the greatest common divisor of 92537286 and 9756.
1626
Calculate the greatest common divisor of 48 and 6092916.
12
Calculate the greatest common factor of 60 and 2621580.
60
Calculate the greatest common divisor of 178415137 and 3966.
661
What is the highest common factor of 5287333 and 583?
53
Calculate the greatest common factor of 481 and 292682728.
481
What is the greatest common factor of 285 and 3481215?
15
Calculate the greatest common divisor of 8773949 and 1121.
59
What is the highest common factor of 1784010 and 16485?
15
Calculate the greatest common divisor of 2997709 and 11570.
13
What is the greatest common divisor of 114 and 8231693?
19
What is the greatest common factor of 173610164 and 84?
28
What is the highest common divisor of 2288007 and 282?
141
Calculate the greatest common divisor of 8765015 and 70.
35
What is the highest common factor of 230227831 and 3401?
179
What is the highest common factor of 21075 and 162555?
15
What is the greatest common factor of 22412 and 14217828?
1724
Calculate the greatest common factor of 639 and 374745029.
71
What is the highest common divisor of 9486 and 1736856?
306
What is the greatest common divisor of 26 and 7207967?
13
Calculate the greatest common factor of 23139524 and 41684.
2452
What is the highest common factor of 110 and 2395630?
10
Calculate the highest common factor of 20321712 and 27.
27
Calculate the highest common divisor of 102544101 and 19636.
4909
What is the greatest common factor of 4936893 and 3?
3
What is the highest common divisor of 36147168 and 276?
276
Calculate the greatest common divisor of 150634985 and 15.
5
Calculate the greatest common factor of 168 and 149306568.
24
What is the greatest common factor of 104 and 4346810?
26
What is the greatest common factor of 375648 and 66?
6
What is the highest common factor of 15360573 and 1587?
1587
Calculate the greatest common factor of 2031 and 160759743.
2031
Calculate the greatest common factor of 229013 and 22052.
149
Calculate the highest common divisor of 708567 and 1848871.
589
Calculate the highest common divisor of 720862 and 2085178.
4838
What is the greatest common divisor of 27403773 and 94?
47
What is the highest common divisor of 45080 and 712080?
920
What is the highest common factor of 68857843 and 12730?
1273
What is the highest common factor of 77 and 7005229?
77
What is the highest common factor of 8 and 72621100?
4
Calculate the highest common divisor of 75805553 and 919.
919
Calculate the greatest common factor of 136 and 30414394.
34
Calculate the highest common divisor of 1239 and 509583.
177
What is the greatest common divisor of 35481 and 2811?
3
Calculate the greatest common factor of 14850747 and 36.
9
Calculate the greatest common divisor of 450 and 3406140.
90
What is the highest common divisor of 1056025 and 21200?
1325
Calculate the greatest common factor of 287 and 4810981.
287
Calculate the greatest common factor of 291623 and 953441.
1511
What is the highest common factor of 33575 and 535225?
1975
What is the highest common divisor of 217190773 and 3364?
841
What is the greatest common divisor of 106 and 2860563170?
106
Calculate the greatest common divisor of 5722739 and 737.
11
Calculate the greatest common factor of 219589980 and 4740.
4740
What is the highest common divisor of 354375 and 218475?
225
Calculate the highest common